{"id":62,"date":"2026-01-24T20:51:34","date_gmt":"2026-01-24T19:51:34","guid":{"rendered":"https:\/\/ceo-reisen.de\/ceo-reisen.de\/activities\/"},"modified":"2026-08-29T18:44:56","modified_gmt":"2026-08-29T16:44:56","slug":"activities","status":"publish","type":"page","link":"https:\/\/ceo-reisen.de\/?page_id=62","title":{"rendered":"Unsere Reisen:"},"content":{"rendered":"\n<p class=\"has-large-font-size wp-block-paragraph\"><a href=\"https:\/\/ceo-reisen.de\/?page_id=400\"><strong>Griechenland &#8211; Makedonien <\/strong>2026<\/a><\/p>\n\n\n\n<p class=\"has-large-font-size wp-block-paragraph\"><strong><a href=\"https:\/\/ceo-reisen.de\/?page_id=172\">Das klassische \u00c4gypten 2026<\/a><\/strong><\/p>\n\n\n\n<p class=\"has-large-font-size wp-block-paragraph\"><strong><a href=\"https:\/\/ceo-reisen.de\/?page_id=311\">Zypern die Insel der G\u00f6tter<\/a><\/strong><\/p>\n\n\n\n<p class=\"has-large-font-size wp-block-paragraph\"><strong><a href=\"https:\/\/ceo-reisen.de\/?page_id=468\" data-type=\"page\" data-id=\"468\">Osterbr\u00e4uche in Kreta<\/a><\/strong><\/p>\n\n\n\n<p class=\"has-large-font-size wp-block-paragraph\"><strong><a href=\"https:\/\/ceo-reisen.de\/?page_id=473\">Wein &amp; Kultur in Albanien<\/a><\/strong><\/p>\n","protected":false},"excerpt":{"rendered":"<p>Griechenland &#8211; Makedonien 2026 Das klassische \u00c4gypten 2026 Zypern die Insel der G\u00f6tter Osterbr\u00e4uche in Kreta Wein &amp; Kultur in Albanien<\/p>\n","protected":false},"author":1,"featured_media":0,"parent":0,"menu_order":0,"comment_status":"closed","ping_status":"closed","template":"templates\/template-activities.php","meta":{"_kadence_starter_templates_imported_post":false,"_swpsp_post_exclude":false,"footnotes":""},"class_list":["post-62","page","type-page","status-publish","hentry"],"blocksy_meta":{"styles_descriptor":{"styles":{"desktop":"","tablet":"","mobile":""},"google_fonts":[],"version":7}},"_links":{"self":[{"href":"https:\/\/ceo-reisen.de\/index.php?rest_route=\/wp\/v2\/pages\/62","targetHints":{"allow":["GET"]}}],"collection":[{"href":"https:\/\/ceo-reisen.de\/index.php?rest_route=\/wp\/v2\/pages"}],"about":[{"href":"https:\/\/ceo-reisen.de\/index.php?rest_route=\/wp\/v2\/types\/page"}],"author":[{"embeddable":true,"href":"https:\/\/ceo-reisen.de\/index.php?rest_route=\/wp\/v2\/users\/1"}],"replies":[{"embeddable":true,"href":"https:\/\/ceo-reisen.de\/index.php?rest_route=%2Fwp%2Fv2%2Fcomments&post=62"}],"version-history":[{"count":9,"href":"https:\/\/ceo-reisen.de\/index.php?rest_route=\/wp\/v2\/pages\/62\/revisions"}],"predecessor-version":[{"id":619,"href":"https:\/\/ceo-reisen.de\/index.php?rest_route=\/wp\/v2\/pages\/62\/revisions\/619"}],"wp:attachment":[{"href":"https:\/\/ceo-reisen.de\/index.php?rest_route=%2Fwp%2Fv2%2Fmedia&parent=62"}],"curies":[{"name":"wp","href":"https:\/\/api.w.org\/{rel}","templated":true}]}}

<p class="has-large-font-size wp-block-paragraph"><a href="https://ceo-reisen.de/?page_id=400"><strong>Griechenland &#8211; Makedonien </strong>2026</a></p>



<p class="has-large-font-size wp-block-paragraph"><strong><a href="https://ceo-reisen.de/?page_id=172">Das klassische Ägypten 2026</a></strong></p>



<p class="has-large-font-size wp-block-paragraph"><strong><a href="https://ceo-reisen.de/?page_id=311">Zypern die Insel der Götter</a></strong></p>



<p class="has-large-font-size wp-block-paragraph"><strong><a href="https://ceo-reisen.de/?page_id=468" data-type="page" data-id="468">Osterbräuche in Kreta</a></strong></p>



<p class="has-large-font-size wp-block-paragraph"><strong><a href="https://ceo-reisen.de/?page_id=473">Wein &amp; Kultur in Albanien</a></strong></p>

<p>Griechenland &#8211; Makedonien 2026 Das klassische Ägypten 2026 Zypern die Insel der Götter Osterbräuche in Kreta Wein &amp; Kultur in Albanien</p>
