{"id":298,"date":"2026-02-07T15:47:09","date_gmt":"2026-02-07T14:47:09","guid":{"rendered":"https:\/\/ceo-reisen.de\/?page_id=298"},"modified":"2026-02-18T19:34:15","modified_gmt":"2026-02-18T18:34:15","slug":"vorschau","status":"publish","type":"page","link":"https:\/\/ceo-reisen.de\/?page_id=298","title":{"rendered":"Zypern"},"content":{"rendered":"\n<p class=\"has-large-font-size\"><strong>Termin: M\u00e4rz 2027<\/strong><\/p>\n\n\n<style>.kb-row-layout-id298_46166b-c2 > .kt-row-column-wrap{align-content:start;}:where(.kb-row-layout-id298_46166b-c2 > .kt-row-column-wrap) > .wp-block-kadence-column{justify-content:start;}.kb-row-layout-id298_46166b-c2 > .kt-row-column-wrap{column-gap:var(--global-kb-gap-sm, 1rem);row-gap:var(--global-kb-gap-sm, 1rem);max-width:1290px;padding-bottom:var(--global-kb-spacing-xxl, 5rem);grid-template-columns:repeat(2, minmax(0, 1fr));}.kb-row-layout-id298_46166b-c2{background-color:var(--global-palette9, #ffffff);}.kb-row-layout-id298_46166b-c2 > .kt-row-layout-overlay{opacity:0.30;}@media all and (max-width: 1024px){.kb-row-layout-id298_46166b-c2 > .kt-row-column-wrap{grid-template-columns:repeat(2, minmax(0, 1fr));}}@media all and (max-width: 767px){.kb-row-layout-id298_46166b-c2 > .kt-row-column-wrap{grid-template-columns:minmax(0, 1fr);}}<\/style><div class=\"kb-row-layout-wrap kb-row-layout-id298_46166b-c2 alignfull has-theme-palette9-background-color kt-row-has-bg wp-block-kadence-rowlayout\"><div class=\"kt-row-column-wrap kt-has-2-columns kt-row-layout-equal kt-tab-layout-inherit kt-mobile-layout-row kt-row-valign-top kt-inner-column-height-full kb-theme-content-width\">\n<style>.kadence-column298_eea51c-39 > .kt-inside-inner-col{display:flex;}.kadence-column298_eea51c-39 > .kt-inside-inner-col,.kadence-column298_eea51c-39 > .kt-inside-inner-col:before{border-top-left-radius:0px;border-top-right-radius:0px;border-bottom-right-radius:0px;border-bottom-left-radius:0px;}.kadence-column298_eea51c-39 > .kt-inside-inner-col{row-gap:var(--global-kb-gap-sm, 1rem);column-gap:var(--global-kb-gap-sm, 1rem);}.kadence-column298_eea51c-39 > .kt-inside-inner-col{flex-direction:column;}.kadence-column298_eea51c-39 > .kt-inside-inner-col > .aligncenter{width:100%;}.kadence-column298_eea51c-39 > .kt-inside-inner-col:before{opacity:0.3;}.kadence-column298_eea51c-39{position:relative;}@media all and (max-width: 1024px){.kadence-column298_eea51c-39 > .kt-inside-inner-col{flex-direction:column;justify-content:center;}}@media all and (max-width: 767px){.kadence-column298_eea51c-39 > .kt-inside-inner-col{flex-direction:column;justify-content:center;}}<\/style>\n<div class=\"wp-block-kadence-column kadence-column298_eea51c-39\"><div class=\"kt-inside-inner-col\"><style>.kadence-column298_e56e80-d8 > .kt-inside-inner-col{display:flex;}.kadence-column298_e56e80-d8 > .kt-inside-inner-col{padding-top:var(--global-kb-spacing-sm, 1.5rem);padding-right:var(--global-kb-spacing-sm, 1.5rem);padding-bottom:var(--global-kb-spacing-sm, 1.5rem);padding-left:var(--global-kb-spacing-sm, 1.5rem);}.kadence-column298_e56e80-d8 > .kt-inside-inner-col{min-height:320px;}.kadence-column298_e56e80-d8 > .kt-inside-inner-col,.kadence-column298_e56e80-d8 > .kt-inside-inner-col:before{border-top-left-radius:15px;border-top-right-radius:15px;border-bottom-right-radius:15px;border-bottom-left-radius:15px;}.kadence-column298_e56e80-d8 > .kt-inside-inner-col{column-gap:var(--global-kb-gap-sm, 1rem);}.kadence-column298_e56e80-d8 > .kt-inside-inner-col{flex-direction:column;justify-content:space-between;}.kadence-column298_e56e80-d8 > .kt-inside-inner-col > .aligncenter{width:100%;}.kt-row-column-wrap > .kadence-column298_e56e80-d8{align-self:center;}.kt-inner-column-height-full:not(.kt-has-1-columns) > .wp-block-kadence-column.kadence-column298_e56e80-d8{align-self:auto;}.kt-inner-column-height-full:not(.kt-has-1-columns) > .wp-block-kadence-column.kadence-column298_e56e80-d8 > .kt-inside-inner-col{flex-direction:column;justify-content:space-between;}.kadence-column298_e56e80-d8 > .kt-inside-inner-col{background-color:var(--global-palette7, #EDF2F7);}.kadence-column298_e56e80-d8 > .kt-inside-inner-col:before{opacity:0.3;}.kadence-column298_e56e80-d8{position:relative;}@media all and (max-width: 1024px){.kt-row-column-wrap > .kadence-column298_e56e80-d8{align-self:center;}}@media all and (max-width: 1024px){.kt-inner-column-height-full:not(.kt-has-1-columns) > .wp-block-kadence-column.kadence-column298_e56e80-d8{align-self:auto;}}@media all and (max-width: 1024px){.kt-inner-column-height-full:not(.kt-has-1-columns) > .wp-block-kadence-column.kadence-column298_e56e80-d8 > .kt-inside-inner-col{flex-direction:column;justify-content:space-between;}}@media all and (max-width: 1024px){.kadence-column298_e56e80-d8 > .kt-inside-inner-col{flex-direction:column;justify-content:space-between;}}@media all and (max-width: 767px){.kadence-column298_e56e80-d8 > .kt-inside-inner-col{min-height:100px;flex-direction:column;justify-content:space-between;}.kt-row-column-wrap > .kadence-column298_e56e80-d8{align-self:center;}.kt-inner-column-height-full:not(.kt-has-1-columns) > .wp-block-kadence-column.kadence-column298_e56e80-d8{align-self:auto;}.kt-inner-column-height-full:not(.kt-has-1-columns) > .wp-block-kadence-column.kadence-column298_e56e80-d8 > .kt-inside-inner-col{flex-direction:column;justify-content:space-between;}}<\/style>\n<div class=\"wp-block-kadence-column kadence-column298_e56e80-d8\"><div class=\"kt-inside-inner-col\"><style>.wp-block-kadence-advancedheading.kt-adv-heading298_e0c8b8-b4, .wp-block-kadence-advancedheading.kt-adv-heading298_e0c8b8-b4[data-kb-block=\"kb-adv-heading298_e0c8b8-b4\"]{margin-top:0px;margin-bottom:var(--global-kb-spacing-xs, 1rem);font-size:var(--global-kb-font-size-lg, 2rem);line-height:1.2;font-style:normal;color:var(--global-palette3, #1A202C);}.wp-block-kadence-advancedheading.kt-adv-heading298_e0c8b8-b4 mark.kt-highlight, .wp-block-kadence-advancedheading.kt-adv-heading298_e0c8b8-b4[data-kb-block=\"kb-adv-heading298_e0c8b8-b4\"] mark.kt-highlight{font-style:normal;color:#f76a0c;-webkit-box-decoration-break:clone;box-decoration-break:clone;padding-top:0px;padding-right:0px;padding-bottom:0px;padding-left:0px;}.wp-block-kadence-advancedheading.kt-adv-heading298_e0c8b8-b4 img.kb-inline-image, .wp-block-kadence-advancedheading.kt-adv-heading298_e0c8b8-b4[data-kb-block=\"kb-adv-heading298_e0c8b8-b4\"] img.kb-inline-image{width:150px;vertical-align:baseline;}@media all and (max-width: 1024px){.wp-block-kadence-advancedheading.kt-adv-heading298_e0c8b8-b4, .wp-block-kadence-advancedheading.kt-adv-heading298_e0c8b8-b4[data-kb-block=\"kb-adv-heading298_e0c8b8-b4\"]{font-size:var(--global-kb-font-size-xl, 3rem);text-align:left!important;}}<\/style>\n<h2 class=\"kt-adv-heading298_e0c8b8-b4 wp-block-kadence-advancedheading has-theme-palette-3-color has-text-color\" data-kb-block=\"kb-adv-heading298_e0c8b8-b4\">Zypern<br>&#8211; Weinkultur aktiv erleben<\/h2>\n\n\n<style>.wp-block-kadence-advancedheading.kt-adv-heading298_4d92c7-0b, .wp-block-kadence-advancedheading.kt-adv-heading298_4d92c7-0b[data-kb-block=\"kb-adv-heading298_4d92c7-0b\"]{font-style:normal;color:var(--global-palette4, #2D3748);}.wp-block-kadence-advancedheading.kt-adv-heading298_4d92c7-0b mark.kt-highlight, .wp-block-kadence-advancedheading.kt-adv-heading298_4d92c7-0b[data-kb-block=\"kb-adv-heading298_4d92c7-0b\"] mark.kt-highlight{font-style:normal;color:#f76a0c;-webkit-box-decoration-break:clone;box-decoration-break:clone;padding-top:0px;padding-right:0px;padding-bottom:0px;padding-left:0px;}.wp-block-kadence-advancedheading.kt-adv-heading298_4d92c7-0b img.kb-inline-image, .wp-block-kadence-advancedheading.kt-adv-heading298_4d92c7-0b[data-kb-block=\"kb-adv-heading298_4d92c7-0b\"] img.kb-inline-image{width:150px;vertical-align:baseline;}@media all and (max-width: 1024px){.wp-block-kadence-advancedheading.kt-adv-heading298_4d92c7-0b, .wp-block-kadence-advancedheading.kt-adv-heading298_4d92c7-0b[data-kb-block=\"kb-adv-heading298_4d92c7-0b\"]{text-align:left!important;}}<\/style>\n<p class=\"kt-adv-heading298_4d92c7-0b wp-block-kadence-advancedheading has-theme-palette-4-color has-text-color\" data-kb-block=\"kb-adv-heading298_4d92c7-0b\">Zypern bietet eine reiche Weintradition mit einzigartigen Rebsorten und zahlreichen Weing\u00fctern, die Weinliebhaber zu unvergesslichen Erlebnissen einladen.<\/p>\n<\/div><\/div>\n\n\n<style>.kadence-column298_d2cc6c-8a > .kt-inside-inner-col{display:flex;}.kadence-column298_d2cc6c-8a > .kt-inside-inner-col,.kadence-column298_d2cc6c-8a > .kt-inside-inner-col:before{border-top-left-radius:0px;border-top-right-radius:0px;border-bottom-right-radius:0px;border-bottom-left-radius:0px;}.kadence-column298_d2cc6c-8a > .kt-inside-inner-col{column-gap:var(--global-kb-gap-sm, 1rem);}.kadence-column298_d2cc6c-8a > .kt-inside-inner-col{flex-direction:row;flex-wrap:wrap;align-items:stretch;}.kadence-column298_d2cc6c-8a > .kt-inside-inner-col > *, .kadence-column298_d2cc6c-8a > .kt-inside-inner-col > figure.wp-block-image, .kadence-column298_d2cc6c-8a > .kt-inside-inner-col > figure.wp-block-kadence-image{margin-top:0px;margin-bottom:0px;}.kadence-column298_d2cc6c-8a > .kt-inside-inner-col > .kb-image-is-ratio-size{flex-grow:1;}.kt-row-column-wrap > .kadence-column298_d2cc6c-8a{align-self:center;}.kt-inner-column-height-full:not(.kt-has-1-columns) > .wp-block-kadence-column.kadence-column298_d2cc6c-8a{align-self:auto;}.kt-inner-column-height-full:not(.kt-has-1-columns) > .wp-block-kadence-column.kadence-column298_d2cc6c-8a > .kt-inside-inner-col{align-items:center;}.kadence-column298_d2cc6c-8a > .kt-inside-inner-col:before{opacity:0.3;}.kadence-column298_d2cc6c-8a{position:relative;}@media all and (max-width: 1024px){.kadence-column298_d2cc6c-8a > .kt-inside-inner-col{row-gap:var(--global-kb-gap-sm, 1rem);flex-direction:column;justify-content:flex-start;align-items:stretch;flex-wrap:nowrap;}}@media all and (max-width: 1024px){.kt-row-column-wrap > .kadence-column298_d2cc6c-8a{align-self:flex-start;}}@media all and (max-width: 1024px){.kt-inner-column-height-full:not(.kt-has-1-columns) > .wp-block-kadence-column.kadence-column298_d2cc6c-8a{align-self:auto;}}@media all and (max-width: 1024px){.kt-inner-column-height-full:not(.kt-has-1-columns) > .wp-block-kadence-column.kadence-column298_d2cc6c-8a > .kt-inside-inner-col{flex-direction:column;justify-content:flex-start;}}@media all and (max-width: 1024px){.wp-block-kadence-column.kb-section-dir-horizontal.kadence-column298_d2cc6c-8a > .kt-inside-inner-col > *{-webkit-flex:unset;flex:unset;}}@media all and (max-width: 1024px){.wp-block-kadence-column.kb-section-dir-horizontal.kadence-column298_d2cc6c-8a > .kt-inside-inner-col > .wp-block-kadence-infobox{align-self:unset;}}@media all and (max-width: 767px){.kadence-column298_d2cc6c-8a > .kt-inside-inner-col{row-gap:var(--global-kb-gap-sm, 1rem);flex-direction:column;justify-content:flex-start;align-items:stretch;}.kt-row-column-wrap > .kadence-column298_d2cc6c-8a{align-self:flex-start;}.kt-inner-column-height-full:not(.kt-has-1-columns) > .wp-block-kadence-column.kadence-column298_d2cc6c-8a{align-self:auto;}.kt-inner-column-height-full:not(.kt-has-1-columns) > .wp-block-kadence-column.kadence-column298_d2cc6c-8a > .kt-inside-inner-col{flex-direction:column;justify-content:flex-start;}}<\/style>\n<div class=\"wp-block-kadence-column kadence-column298_d2cc6c-8a kb-section-dir-horizontal kb-section-md-dir-vertical kb-section-sm-dir-vertical\"><div class=\"kt-inside-inner-col\"><style>.kadence-column298_ff35af-46 > .kt-inside-inner-col{display:flex;}.kadence-column298_ff35af-46, .wp-block-kadence-column.kb-section-dir-horizontal > .kt-inside-inner-col > .kadence-column298_ff35af-46{flex-grow:1;}.kadence-column298_ff35af-46 > .kt-inside-inner-col{height:100%;}.kadence-column298_ff35af-46 > .kt-inside-inner-col{padding-top:var(--global-kb-spacing-sm, 1.5rem);padding-right:var(--global-kb-spacing-sm, 1.5rem);padding-bottom:var(--global-kb-spacing-sm, 1.5rem);padding-left:var(--global-kb-spacing-sm, 1.5rem);}.kadence-column298_ff35af-46 > .kt-inside-inner-col,.kadence-column298_ff35af-46 > .kt-inside-inner-col:before{border-top-left-radius:15px;border-top-right-radius:15px;border-bottom-right-radius:15px;border-bottom-left-radius:15px;}.kadence-column298_ff35af-46 > .kt-inside-inner-col{column-gap:var(--global-kb-gap-sm, 1rem);}.kadence-column298_ff35af-46 > .kt-inside-inner-col{flex-direction:column;justify-content:center;}.kadence-column298_ff35af-46 > .kt-inside-inner-col > .aligncenter{width:100%;}.kt-row-column-wrap > .kadence-column298_ff35af-46{align-self:center;}.kt-inner-column-height-full:not(.kt-has-1-columns) > .wp-block-kadence-column.kadence-column298_ff35af-46{align-self:auto;}.kt-inner-column-height-full:not(.kt-has-1-columns) > .wp-block-kadence-column.kadence-column298_ff35af-46 > .kt-inside-inner-col{flex-direction:column;justify-content:center;}.kadence-column298_ff35af-46 > .kt-inside-inner-col{background-color:var(--global-palette8, #F7FAFC);background-image:url('https:\/\/ceo-reisen.de\/wp-content\/uploads\/2026\/02\/Example-Background-Image.jpg');background-size:cover;background-position:center center;background-attachment:scroll;background-repeat:no-repeat;}.kadence-column298_ff35af-46 > .kt-inside-inner-col:before{opacity:0.85;background-color:var(--global-palette9, #ffffff);}.kadence-column298_ff35af-46{position:relative;}@media all and (max-width: 1024px){.kadence-column298_ff35af-46 > .kt-inside-inner-col{height:100%;flex-direction:column;justify-content:center;}}@media all and (max-width: 1024px){.kt-row-column-wrap > .kadence-column298_ff35af-46{align-self:center;}}@media all and (max-width: 1024px){.kt-inner-column-height-full:not(.kt-has-1-columns) > .wp-block-kadence-column.kadence-column298_ff35af-46{align-self:auto;}}@media all and (max-width: 1024px){.kt-inner-column-height-full:not(.kt-has-1-columns) > .wp-block-kadence-column.kadence-column298_ff35af-46 > .kt-inside-inner-col{flex-direction:column;justify-content:center;}}@media all and (max-width: 767px){.kt-row-column-wrap > .kadence-column298_ff35af-46{align-self:center;}.kt-inner-column-height-full:not(.kt-has-1-columns) > .wp-block-kadence-column.kadence-column298_ff35af-46{align-self:auto;}.kt-inner-column-height-full:not(.kt-has-1-columns) > .wp-block-kadence-column.kadence-column298_ff35af-46 > .kt-inside-inner-col{flex-direction:column;justify-content:center;}.kadence-column298_ff35af-46 > .kt-inside-inner-col{flex-direction:column;justify-content:center;}}<\/style>\n<div class=\"wp-block-kadence-column kadence-column298_ff35af-46 kb-section-has-overlay\"><div class=\"kt-inside-inner-col\"><style>.wp-block-kadence-advancedheading.kt-adv-heading298_a1f031-b2, .wp-block-kadence-advancedheading.kt-adv-heading298_a1f031-b2[data-kb-block=\"kb-adv-heading298_a1f031-b2\"]{font-size:var(--global-kb-font-size-md, 1.25rem);line-height:1.2;font-style:normal;color:var(--global-palette4, #2D3748);}.wp-block-kadence-advancedheading.kt-adv-heading298_a1f031-b2 mark.kt-highlight, .wp-block-kadence-advancedheading.kt-adv-heading298_a1f031-b2[data-kb-block=\"kb-adv-heading298_a1f031-b2\"] mark.kt-highlight{font-style:normal;color:#f76a0c;-webkit-box-decoration-break:clone;box-decoration-break:clone;padding-top:0px;padding-right:0px;padding-bottom:0px;padding-left:0px;}.wp-block-kadence-advancedheading.kt-adv-heading298_a1f031-b2 img.kb-inline-image, .wp-block-kadence-advancedheading.kt-adv-heading298_a1f031-b2[data-kb-block=\"kb-adv-heading298_a1f031-b2\"] img.kb-inline-image{width:150px;vertical-align:baseline;}@media all and (max-width: 1024px){.wp-block-kadence-advancedheading.kt-adv-heading298_a1f031-b2, .wp-block-kadence-advancedheading.kt-adv-heading298_a1f031-b2[data-kb-block=\"kb-adv-heading298_a1f031-b2\"]{font-size:var(--global-kb-font-size-md, 1.25rem);text-align:left!important;}}<\/style>\n<p class=\"kt-adv-heading298_a1f031-b2 wp-block-kadence-advancedheading has-theme-palette-4-color has-text-color\" data-kb-block=\"kb-adv-heading298_a1f031-b2\">Authentische Weing\u00fcter, sonnige H\u00e4nge und autochthone Rebsorten: Auf der Zypern\u2011Weintour erlebst du traditionelle Kellereien, herzliche Winzer und unvergessliche Ausblicke rund um das Troodos\u2011Gebirge \u2013 Genuss mit Geschichte.<\/p>\n<\/div><\/div>\n\n\n<style>.kadence-column298_5d048b-fd > .kt-inside-inner-col{display:flex;}.kadence-column298_5d048b-fd, .wp-block-kadence-column.kb-section-dir-horizontal > .kt-inside-inner-col > .kadence-column298_5d048b-fd{flex-grow:1;}.kadence-column298_5d048b-fd > .kt-inside-inner-col{height:100%;}.kadence-column298_5d048b-fd > .kt-inside-inner-col{padding-top:var(--global-kb-spacing-sm, 1.5rem);padding-right:var(--global-kb-spacing-sm, 1.5rem);padding-bottom:var(--global-kb-spacing-sm, 1.5rem);padding-left:var(--global-kb-spacing-sm, 1.5rem);}.kadence-column298_5d048b-fd > .kt-inside-inner-col{min-height:240px;}.kadence-column298_5d048b-fd > .kt-inside-inner-col,.kadence-column298_5d048b-fd > .kt-inside-inner-col:before{border-top-left-radius:15px;border-top-right-radius:15px;border-bottom-right-radius:15px;border-bottom-left-radius:15px;}.kadence-column298_5d048b-fd > .kt-inside-inner-col{column-gap:var(--global-kb-gap-sm, 1rem);}.kadence-column298_5d048b-fd > .kt-inside-inner-col{flex-direction:column;justify-content:space-between;}.kadence-column298_5d048b-fd > .kt-inside-inner-col > .aligncenter{width:100%;}.kt-row-column-wrap > .kadence-column298_5d048b-fd{align-self:center;}.kt-inner-column-height-full:not(.kt-has-1-columns) > .wp-block-kadence-column.kadence-column298_5d048b-fd{align-self:auto;}.kt-inner-column-height-full:not(.kt-has-1-columns) > .wp-block-kadence-column.kadence-column298_5d048b-fd > .kt-inside-inner-col{flex-direction:column;justify-content:space-between;}.kadence-column298_5d048b-fd > .kt-inside-inner-col{background-color:var(--global-palette9, #ffffff);}.kadence-column298_5d048b-fd > .kt-inside-inner-col:before{opacity:0.1;background-color:var(--global-palette1, #3182CE);}.kadence-column298_5d048b-fd{position:relative;}@media all and (max-width: 1024px){.kt-row-column-wrap > .kadence-column298_5d048b-fd{align-self:center;}}@media all and (max-width: 1024px){.kt-inner-column-height-full:not(.kt-has-1-columns) > .wp-block-kadence-column.kadence-column298_5d048b-fd{align-self:auto;}}@media all and (max-width: 1024px){.kt-inner-column-height-full:not(.kt-has-1-columns) > .wp-block-kadence-column.kadence-column298_5d048b-fd > .kt-inside-inner-col{flex-direction:column;justify-content:space-between;}}@media all and (max-width: 1024px){.kadence-column298_5d048b-fd > .kt-inside-inner-col{flex-direction:column;justify-content:space-between;}}@media all and (max-width: 767px){.kt-row-column-wrap > .kadence-column298_5d048b-fd{align-self:center;}.kt-inner-column-height-full:not(.kt-has-1-columns) > .wp-block-kadence-column.kadence-column298_5d048b-fd{align-self:auto;}.kt-inner-column-height-full:not(.kt-has-1-columns) > .wp-block-kadence-column.kadence-column298_5d048b-fd > .kt-inside-inner-col{flex-direction:column;justify-content:space-between;}.kadence-column298_5d048b-fd > .kt-inside-inner-col{flex-direction:column;justify-content:space-between;}}<\/style>\n<div class=\"wp-block-kadence-column kadence-column298_5d048b-fd kb-section-has-overlay\"><div class=\"kt-inside-inner-col\"><style>.wp-block-kadence-advancedheading.kt-adv-heading298_67a6d9-ac, .wp-block-kadence-advancedheading.kt-adv-heading298_67a6d9-ac[data-kb-block=\"kb-adv-heading298_67a6d9-ac\"]{margin-top:0px;margin-bottom:var(--global-kb-spacing-sm, 1.5rem);font-size:var(--global-kb-font-size-md, 1.25rem);line-height:1.2;font-style:normal;color:var(--global-palette4, #2D3748);}.wp-block-kadence-advancedheading.kt-adv-heading298_67a6d9-ac mark.kt-highlight, .wp-block-kadence-advancedheading.kt-adv-heading298_67a6d9-ac[data-kb-block=\"kb-adv-heading298_67a6d9-ac\"] mark.kt-highlight{font-style:normal;color:#f76a0c;-webkit-box-decoration-break:clone;box-decoration-break:clone;padding-top:0px;padding-right:0px;padding-bottom:0px;padding-left:0px;}.wp-block-kadence-advancedheading.kt-adv-heading298_67a6d9-ac img.kb-inline-image, .wp-block-kadence-advancedheading.kt-adv-heading298_67a6d9-ac[data-kb-block=\"kb-adv-heading298_67a6d9-ac\"] img.kb-inline-image{width:150px;vertical-align:baseline;}@media all and (max-width: 1024px){.wp-block-kadence-advancedheading.kt-adv-heading298_67a6d9-ac, .wp-block-kadence-advancedheading.kt-adv-heading298_67a6d9-ac[data-kb-block=\"kb-adv-heading298_67a6d9-ac\"]{font-size:var(--global-kb-font-size-md, 1.25rem);text-align:left!important;}}<\/style>\n<p class=\"kt-adv-heading298_67a6d9-ac wp-block-kadence-advancedheading has-theme-palette-4-color has-text-color\" data-kb-block=\"kb-adv-heading298_67a6d9-ac\">Zyperns Weintradition \u2013 seit 6000 Jahren lebendig.<\/p>\n<\/div><\/div>\n<\/div><\/div>\n<\/div><\/div>\n\n\n<style>.kadence-column298_365243-80 > .kt-inside-inner-col,.kadence-column298_365243-80 > .kt-inside-inner-col:before{border-top-left-radius:0px;border-top-right-radius:0px;border-bottom-right-radius:0px;border-bottom-left-radius:0px;}.kadence-column298_365243-80 > .kt-inside-inner-col{column-gap:var(--global-kb-gap-sm, 1rem);}.kadence-column298_365243-80 > .kt-inside-inner-col{flex-direction:column;}.kadence-column298_365243-80 > .kt-inside-inner-col > .aligncenter{width:100%;}.kadence-column298_365243-80 > .kt-inside-inner-col:before{opacity:0.3;}.kadence-column298_365243-80{position:relative;}@media all and (max-width: 1024px){.kadence-column298_365243-80 > .kt-inside-inner-col{flex-direction:column;justify-content:center;}}@media all and (max-width: 767px){.kadence-column298_365243-80 > .kt-inside-inner-col{flex-direction:column;justify-content:center;}}<\/style>\n<div class=\"wp-block-kadence-column kadence-column298_365243-80\"><div class=\"kt-inside-inner-col\">\n<figure class=\"wp-block-image size-large\"><img loading=\"lazy\" decoding=\"async\" width=\"683\" height=\"1024\" src=\"https:\/\/ceo-reisen.de\/wp-content\/uploads\/2026\/02\/Weintasting-Hoch-683x1024.png\" alt=\"\" class=\"wp-image-305\" srcset=\"https:\/\/ceo-reisen.de\/wp-content\/uploads\/2026\/02\/Weintasting-Hoch-683x1024.png 683w, https:\/\/ceo-reisen.de\/wp-content\/uploads\/2026\/02\/Weintasting-Hoch-200x300.png 200w, https:\/\/ceo-reisen.de\/wp-content\/uploads\/2026\/02\/Weintasting-Hoch-768x1152.png 768w, https:\/\/ceo-reisen.de\/wp-content\/uploads\/2026\/02\/Weintasting-Hoch.png 1024w\" sizes=\"auto, (max-width: 683px) 100vw, 683px\" \/><\/figure>\n<\/div><\/div>\n\n<\/div><\/div>","protected":false},"excerpt":{"rendered":"<p>Termin: M\u00e4rz 2027 Zypern&#8211; Weinkultur aktiv erleben Zypern bietet eine reiche Weintradition mit einzigartigen Rebsorten und zahlreichen Weing\u00fctern, die Weinliebhaber zu unvergesslichen Erlebnissen einladen. Authentische Weing\u00fcter, sonnige H\u00e4nge und autochthone Rebsorten: Auf der Zypern\u2011Weintour erlebst du traditionelle Kellereien, herzliche Winzer und unvergessliche Ausblicke rund um das Troodos\u2011Gebirge \u2013 Genuss mit Geschichte. Zyperns Weintradition \u2013 seit [&hellip;]<\/p>\n","protected":false},"author":1,"featured_media":0,"parent":0,"menu_order":0,"comment_status":"closed","ping_status":"closed","template":"","meta":{"_kadence_starter_templates_imported_post":false,"_swpsp_post_exclude":false,"footnotes":""},"class_list":["post-298","page","type-page","status-publish","hentry"],"blocksy_meta":[],"_links":{"self":[{"href":"https:\/\/ceo-reisen.de\/index.php?rest_route=\/wp\/v2\/pages\/298","targetHints":{"allow":["GET"]}}],"collection":[{"href":"https:\/\/ceo-reisen.de\/index.php?rest_route=\/wp\/v2\/pages"}],"about":[{"href":"https:\/\/ceo-reisen.de\/index.php?rest_route=\/wp\/v2\/types\/page"}],"author":[{"embeddable":true,"href":"https:\/\/ceo-reisen.de\/index.php?rest_route=\/wp\/v2\/users\/1"}],"replies":[{"embeddable":true,"href":"https:\/\/ceo-reisen.de\/index.php?rest_route=%2Fwp%2Fv2%2Fcomments&post=298"}],"version-history":[{"count":7,"href":"https:\/\/ceo-reisen.de\/index.php?rest_route=\/wp\/v2\/pages\/298\/revisions"}],"predecessor-version":[{"id":377,"href":"https:\/\/ceo-reisen.de\/index.php?rest_route=\/wp\/v2\/pages\/298\/revisions\/377"}],"wp:attachment":[{"href":"https:\/\/ceo-reisen.de\/index.php?rest_route=%2Fwp%2Fv2%2Fmedia&parent=298"}],"curies":[{"name":"wp","href":"https:\/\/api.w.org\/{rel}","templated":true}]}}